
Evaluate -5136 + 5180 - (116 + 1).
-73
1268 - 634 - 639 - (2 - 1 - (0 - -12))
6
Calculate 44 + 131 + -264 - -206.
117
Evaluate -26 + 9 + (-35 - -24) + -6.
-34
Evaluate (-25 + 146 - 65) + (-8 - 15).
33
-2 - (-172 + 164 - (1 - -6)) - 10
3
Evaluate (55 - 6) + (-75 - -58 - (-2 - 3)) + 1.
38
What is (13 - (68 + -169)) + -61?
53
-24 + (-13 - -2 - (5 + -7 - -4))
-37
Evaluate -7 + (-16 - (1 + -5)) - (19 + -19).
-19
47 + 15 - (90 + -85 + (1 - 17)) - -15
88
33 + 64 + 30 + -238
-111
55 + (-97 - -10) + 77
45
-51 + -19 + 1 + (-16 - -20)
-65
Calculate -97 - (1 - 16 - (-7 + -66 + 53)).
-102
What is the value of (21 - 41) + 33 - 9?
4
What is (-6 - 3 - (-48 + 14)) + 4?
29
Evaluate 0 + 32 + (-87 - -47).
-8
What is the value of 0 + 2 + 21 + -15 - 20?
-12
(146 - (230 + -108)) + (-1 - -39)
62
What is the value of (-149 - (0 - (-9 - -26))) + -7 + 3?
-136
-20 + 17 + -30 + 66 + -13
20
(194 - 23) + -45 + 0 + (-10 - 2)
114
What is the value of (-1051 - -1021 - (1 - -5)) + 25?
-11
What is 49 - (18 - (-29 - -40))?
42
Evaluate (-260 - -248) + 1 + -10 - -73.
52
Evaluate -128 - (-71 - (75 - 41)).
-23
What is 10 + (12 - 26) + 13 - (25 - -2)?
-18
Evaluate -1 - (0 + 14) - (-14 - 137 - -170).
-34
Evaluate 93 + -95 + (11 - 7).
2
What is 10 - (-7 + -64 - (-13 - (12 + -16))) - 5?
67
Evaluate -24 + (-2 + 2 - 19 - (88 - 137)).
6
What is the value of (39 - -2) + (-11 - 43 - (-21 + -12))?
20
Evaluate 0 + (-14 - (-30 + 27 + -17)).
6
What is 60 + (-36 - 66) + 32?
-10
Calculate (-75 - (3 + 90)) + 73.
-95
-7 + 0 - (17 + -13 + 13 - (-14 + 4))
-34
-4522 + 4553 - (1 - 4 - -114)
-80
Evaluate -55 + 58 + -55 + 44 + -30.
-38
What is the value of 0 + 1 + 9 + (31 - 35) - 2 - -6?
10
What is -7 + (-65 - (-2 + -13 + 10 + 9))?
-76
Calculate -67 + -9 + (15 + -1 - (50 + -43)) + -9.
-78
(-1 - 17) + (72 - 90) + 23
-13
What is 97 - (-1 - -20 - (1763 - 1773 - (1 - 22)))?
89
What is the value of (9 - 2) + -14 + 13 + 38 - -13?
57
(-33 + 85 - 107) + 52
-3
-3 + 1 - -1 - (-9 + 104 + -154 + 72)
-14
-64 + 30 + (-7 - -18 - 4)
-27
25 + 12 - (138 - 62)
-39
Calculate (-11 - -5) + (-30 - 20 - -47).
-9
-8 - -146 - (-30 - -63)
105
(-126 - -106) + (-15 - -13) + -24
-46
What is -11 + 1 + 50 + -9 + -35?
-4
What is 36 + -1 + (-31 - -51)?
55
Evaluate 56 + -21 + (-15 + 1 + 17 - (2 + -9)).
45
What is 75 + -7 + -7 + 0 - (-16 - -21)?
56
What is 68 + (-11 - (-26 + 91))?
-8
Calculate 79 + -7 + 2 + (186 - 209).
51
What is -33 - (0 + -1 + (-49 - -25) - -12)?
-20
(82 - 45) + (-2 - (18 - 15))
32
What is -6 + -60 + 55 + (-30 - (1 + -1))?
-41
What is (1 - -5) + 159 + -172 - -19?
12
Evaluate -338 + 353 + (-23 - 2) + 39.
29
Calculate (567 - 499) + (-69 - -6).
5
What is the value of 1 + 120 + -20 - 209?
-108
What is 2 + -2 + 0 - (-40 + 41 + -6 + 0)?
5
Evaluate 1 + (-4 + 21 - -1) + -4 + -6 + 12.
21
18 + 38 + (7 - 45 - 15)
3
Evaluate 0 + 3 - (97 - 80 - (28 - -6)).
20
What is (-32 - (2 - 19)) + 58 + -102?
-59
29 - (20 + 18 + -10 + 24)
-23
(25 - 0 - (189 - 275)) + 21
132
(-347 - -372) + (-2 - -1 - (-5 + 2 + 3))
24
-42 - ((-6085 - -6070) + (8 - (0 + (2 - 4))))
-37
Calculate -105 + 116 + (-10 + -1 + 4 - -4).
8
What is 13 + -1 - (-16 - (6 + 18 + -47))?
5
2 - 1 - -2 - (79 - (-126 + 230))
28
What is 3 + (-1 - 11) + -23 - (-11 - -10)?
-31
What is the value of 22 - 6 - 18 - (0 - (7 + -4 - -4))?
5
What is (2 + 5 + -4 - (5 - 17)) + -2 - 123?
-110
60 - 1 - 93 - -21
-13
Evaluate (77 + -137 - -61) + (-34 - -1).
-32
(15 - (21 + (22 - 0))) + -5
-33
What is the value of 59 - (6 + 22 + 4)?
27
What is -3 + -11 + -1 + 85 - 12?
58
Evaluate (11 - (9 + -54)) + -15.
41
-10 - -24 - 8 - 3
3
Evaluate 5 + -5 + -14 + (3 - (-2 - (4 + -3))).
-8
Evaluate 16 + 17 + -26 + -8 - -38 - (-7 - -1).
43
Evaluate -38 - 4 - (51 + (-51 - 19)).
-23
Calculate -13 - ((3 - 67) + 8).
43
What is -63 - (36 - (118 + -50)) - 122?
-153
What is -24 + -33 + 28 + 28 + -32?
-33
-78 - 0 - (-2283 + 2200)
5
Calculate 15 - (-3 + 2) - (-31 + 89 + -86).
44
Calculate 5 - (47 - 42 - (-5 - (20 - -6))).
-31
-9 + 1 + (86 - 258) + 84 + (15 - 4)
-85
What is the value of -19 - ((131 - 106) + -1 + -100)?
57
Evaluate -27 - (3 + (-35 - -13)) - -20.
12
Evaluate (-3 - 3) + 3 + 7 + -7 - 8.
-11
104 - (10 - 9 - (37 - (-28 - -47)))
121
-45 - (-2 - 60) - (2 + -22)
37
What is the value of 10 + 20 + -18 + 2 + 6?
20
What is the value of 1781 + -1849 - (-2 + -69)?
3
What is -49 + 1 + (-803 - -836)?
-15
What is the value of 38 - (-96 + 52) - 41?
41
What is the value of (210 - 302) + (-3 - -22) + (-2 - -2)?
-73
Calculate -209 + 196 - (-22 + (0 - 6 - -6)).
9
Evaluate -6 - (6 + -1 + -9 + 2) - (-71 + 53).
14
1 - -42 - (102 + 24)
-83
What is (-58 - 36 - -49) + 39?
-6
What is -11 - (-2 - 1) - (-6 + -64) - (0 - -9)?
53
(96 - 7 - 76) + 36
49
What is the value of (-7 - -4 - -21) + -64 + (-38 - -33)?
-51
What is the value of -56 + 21 - (-27 - (19 + 17))?
28
Calculate -1 + 11 + 5 + -8 + (-2982 - -2962).
-13
What is -12 + 11 - -1 - -9 - 26?
-17
What is -1 - (-2 + 6) - (-1 + -1 + -2) - 28?
-29
What is 73 + (-47 - (45 - 51))?
32
What is (-38 - -18 - 34) + 11 + -1?
-44
What is the value of -116 - (38 - (334 - 25))?
155
What is the value of 27 + -6 + 3 - ((4 - -19) + -1)?
2
What is -8 - ((-1 - -31) + (17 - (-6 + 30)))?
-31
What is the value of (-14 - (-10 + 11) - -3) + 25?
13
What is the value of 11 + -3 - (132 - 103) - 3?
-24
-75 + 12 + (-7 - (20 + -4)) + 10
-76
Evaluate 118 - -1 - (12282 + -12236).
73
What is the value of 25 + (0 + -3 + 2 - (9 + -19))?
34
What is the value of -25 + (-32 - -54) - (-29 + 5)?
21
What is the value of (-150 - -29 - -33) + 68?
-20
Evaluate (38 - 18) + -48 + (54 - -51).
77
What is the value of -9 + 86 + 36 + 8 + -46?
75
Evaluate -10 + -4 + (45 - 2) - (1 - 2).
30
Evaluate (-88 - -1) + (2 - -26) + -697 + 678.
-78
What is 7867 - 7852 - ((0 - -26) + 3)?
-14
Evaluate -55 + -5 + 17 + -18 + (17 - -2).
-42
What is (-26 - 46) + 86 + (1 - -17)?
32
What is the value of (15 + -4 + -16 - 5 - (-1 - -4)) + 40?
27
19 + -26 + 18 - (-14 + 4 + -6 - -4)
23
What is the value of -58 + 69 + 6 + (6 - (-1 + (-4 - -6)))?
22
(-44 - 40) + 76 + 4 + -2 + 25
19
What is the value of 1 + -41 + (-160 - (224 + -547))?
123
-105 - (14 + 32 + -84 - -50)
-117
-21 - (-6 - (10 - (15 + -14 + 38)))
-44
Evaluate (-25 - -41) + 6 - 10 - 30.
-18
What is the value of 61 + -20 + 50 + -31?
60
What is the value of 1 - 2 - -49 - (8 - 1 - (-71 + 81))?
51
What is the value of (19 + -14 - 10) + 44 + (-7 - -3)?
35
Calculate -4 + 6 - (-125 + 156).
-29
-63 + (69 + -71 - 9)
-74
Calculate -134 - -152 - (-8 + 4 + -9).
31
Evaluate -156 - (49 + (-56 - 1) - -2).
-150
What is the value of 47 - (-24 - -85 - 26)?
12
What is 34 + -56 + (54 - 17)?
15
What is (-1 - -1) + (8 - (38 + -38 + 33))?
-25
Calculate (47 - 77 - (16 - 8)) + (0 - 4).
-42
Calculate -6 + (-97 - -7) + (103 - 89) - (1 + 7).
-90
-2 + (5 - (19 - (-7 + 12))) - -45
34
33 + -85 + 15 - 57
-94
Evaluate 74 + -174 + 110 + 2 + -90.
-78
What is (-18 - (6 + (-24 - (16 + -18)))) + -13?
-15
Evaluate 3 + 0 + -21 + -43 + (-17 - 1).
-79
-3245 - -3250 - (16 + -1)
-10
What is the value of -1 + (0 - -3) + -155 + 41 + 41 + 73?
2
What is the value of -98 - (59 - (-12 + -15 - -63))?
-121
Calculate 19 + -22 + 29 + 19.
45
(15 - 5 - 1 - (-95 + 6)) + 5 + -7
96
What is -532 - -539 - (4 - (-48 - 0))?
-45
Calculate -31 + -24 + 79 - (20 + -2).
6
21 + (-14 - -17 - 42) - -33
15
What is the value of -11 + (-11 - -24) + (-14 - -17 - 16)?
-11
What is the value of (-15 - 7 - -42) + -24?
-4
(-6 + 4 + 28 - 8) + -1
17
What is -1535 - -1548 - (0 + 7) - (1 - -11)?
-6
What is the value of (45 - 3 - 61) + -59?
-78
What is the value of -65 - -49 - 6 - 21?
-43
What is 4 + -29 + -1 + (204 - 187)?
-9
Evaluate 18 + -101 + 44 + 6 + 116.
83
(-204 - -204) + 10 + 60
70
20 + 13 + (22 - 48) + 23
30
Evaluate -29 - (9 + -35 + 18 + 38).
-59
Evaluate -76 + 7 + 35 + -16 + 23.
-27
((2 - 0) + 3 + -4 - 3) + (-1891 - -1980)
87
Evaluate (369 - 376) + (-2 - (3 - 6 - 10)).
4
Calculate 53 - (20 + 17) - (-9 + -13).
38
Evaluate 10 + 2 + -4 + 32 + (-12 - -19) + -4.
43
62 + (-5 - 21) + -54 + 59
41
Evaluate (-34 - -6) + 22 - ((-3 - 2) + -12).
11
What is the value of -2 - 23 - (23 + 18 + -23) - 9?
-52
Evaluate -149 - -151 - (19 - 11).
-6
Evaluate 1 + 0 - (-2 - -1) - (28388 + -28364).
-22
What is (-66 - -74) + 2 + -19 + -3 + -5?
-17
Calculate -21 - ((19 - 136) + 67).
29
Calculate -46